{"id":43,"date":"2024-04-27T15:43:26","date_gmt":"2024-04-27T15:43:26","guid":{"rendered":"http:\/\/citipublics.com\/?page_id=43"},"modified":"2024-06-06T17:41:54","modified_gmt":"2024-06-06T17:41:54","slug":"nosotros","status":"publish","type":"page","link":"https:\/\/citipublics.com\/index.php\/nosotros\/","title":{"rendered":"Nosotros"},"content":{"rendered":"\t\t<div data-elementor-type=\"wp-page\" data-elementor-id=\"43\" class=\"elementor elementor-43\" data-elementor-post-type=\"page\">\n\t\t\t\t\t\t<section class=\"elementor-section elementor-top-section elementor-element elementor-element-2f19ff22 elementor-section-boxed elementor-section-height-default elementor-section-height-default\" data-id=\"2f19ff22\" data-element_type=\"section\">\n\t\t\t\t\t\t<div class=\"elementor-container elementor-column-gap-no\">\n\t\t\t\t\t<div class=\"elementor-column elementor-col-100 elementor-top-column elementor-element elementor-element-2155b400\" data-id=\"2155b400\" data-element_type=\"column\">\n\t\t\t<div class=\"elementor-widget-wrap elementor-element-populated\">\n\t\t\t\t\t\t<div class=\"elementor-element elementor-element-54d1d0b elementor-widget elementor-widget-spacer\" data-id=\"54d1d0b\" data-element_type=\"widget\" data-widget_type=\"spacer.default\">\n\t\t\t\t<div class=\"elementor-widget-container\">\n\t\t\t\t\t<div class=\"elementor-spacer\">\n\t\t\t<div class=\"elementor-spacer-inner\"><\/div>\n\t\t<\/div>\n\t\t\t\t<\/div>\n\t\t\t\t<\/div>\n\t\t\t\t<section class=\"elementor-section elementor-inner-section elementor-element elementor-element-7ff71ee5 elementor-reverse-tablet elementor-reverse-mobile elementor-section-boxed elementor-section-height-default elementor-section-height-default\" data-id=\"7ff71ee5\" data-element_type=\"section\">\n\t\t\t\t\t\t<div class=\"elementor-container elementor-column-gap-no\">\n\t\t\t\t\t<div class=\"elementor-column elementor-col-50 elementor-inner-column elementor-element elementor-element-16e6f6a\" data-id=\"16e6f6a\" data-element_type=\"column\">\n\t\t\t<div class=\"elementor-widget-wrap elementor-element-populated\">\n\t\t\t\t\t\t<section class=\"elementor-section elementor-inner-section elementor-element elementor-element-74230234 elementor-section-boxed elementor-section-height-default elementor-section-height-default\" data-id=\"74230234\" data-element_type=\"section\">\n\t\t\t\t\t\t<div class=\"elementor-container elementor-column-gap-no\">\n\t\t\t\t\t<div class=\"elementor-column elementor-col-50 elementor-inner-column elementor-element elementor-element-30c1bdc2\" data-id=\"30c1bdc2\" data-element_type=\"column\" data-settings=\"{&quot;background_background&quot;:&quot;classic&quot;}\">\n\t\t\t<div class=\"elementor-widget-wrap\">\n\t\t\t\t\t\t\t<\/div>\n\t\t<\/div>\n\t\t\t\t<div class=\"elementor-column elementor-col-50 elementor-inner-column elementor-element elementor-element-4508a0dd\" data-id=\"4508a0dd\" data-element_type=\"column\">\n\t\t\t<div class=\"elementor-widget-wrap elementor-element-populated\">\n\t\t\t\t\t\t<div class=\"elementor-element elementor-element-36fb024 elementor-widget elementor-widget-image\" data-id=\"36fb024\" data-element_type=\"widget\" data-widget_type=\"image.default\">\n\t\t\t\t<div class=\"elementor-widget-container\">\n\t\t\t\t\t\t\t\t\t\t\t\t\t<img fetchpriority=\"high\" decoding=\"async\" width=\"500\" height=\"680\" src=\"https:\/\/citipublics.com\/wp-content\/uploads\/2024\/06\/Untitled-design-1.webp\" class=\"attachment-large size-large wp-image-847\" alt=\"\" srcset=\"https:\/\/citipublics.com\/wp-content\/uploads\/2024\/06\/Untitled-design-1.webp 500w, https:\/\/citipublics.com\/wp-content\/uploads\/2024\/06\/Untitled-design-1-221x300.webp 221w\" sizes=\"(max-width: 500px) 100vw, 500px\" \/>\t\t\t\t\t\t\t\t\t\t\t\t\t<\/div>\n\t\t\t\t<\/div>\n\t\t\t\t\t<\/div>\n\t\t<\/div>\n\t\t\t\t\t<\/div>\n\t\t<\/section>\n\t\t\t\t<div class=\"elementor-element elementor-element-6b2defe9 elementor-widget elementor-widget-image\" data-id=\"6b2defe9\" data-element_type=\"widget\" data-widget_type=\"image.default\">\n\t\t\t\t<div class=\"elementor-widget-container\">\n\t\t\t\t\t\t\t\t\t\t\t\t\t<img decoding=\"async\" width=\"1024\" height=\"650\" src=\"https:\/\/citipublics.com\/wp-content\/uploads\/2024\/06\/Untitled-design-2-1024x650.webp\" class=\"attachment-large size-large wp-image-846\" alt=\"\" srcset=\"https:\/\/citipublics.com\/wp-content\/uploads\/2024\/06\/Untitled-design-2-1024x650.webp 1024w, https:\/\/citipublics.com\/wp-content\/uploads\/2024\/06\/Untitled-design-2-300x191.webp 300w, https:\/\/citipublics.com\/wp-content\/uploads\/2024\/06\/Untitled-design-2-768x488.webp 768w, https:\/\/citipublics.com\/wp-content\/uploads\/2024\/06\/Untitled-design-2-1536x975.webp 1536w, https:\/\/citipublics.com\/wp-content\/uploads\/2024\/06\/Untitled-design-2.webp 2000w\" sizes=\"(max-width: 1024px) 100vw, 1024px\" \/>\t\t\t\t\t\t\t\t\t\t\t\t\t<\/div>\n\t\t\t\t<\/div>\n\t\t\t\t\t<\/div>\n\t\t<\/div>\n\t\t\t\t<div class=\"elementor-column elementor-col-50 elementor-inner-column elementor-element elementor-element-10dc56b5\" data-id=\"10dc56b5\" data-element_type=\"column\">\n\t\t\t<div class=\"elementor-widget-wrap elementor-element-populated\">\n\t\t\t\t\t\t<div class=\"elementor-element elementor-element-6946ab96 elementor-widget-divider--view-line_text elementor-widget__width-auto elementor-widget-divider--element-align-center elementor-widget elementor-widget-divider\" data-id=\"6946ab96\" data-element_type=\"widget\" data-widget_type=\"divider.default\">\n\t\t\t\t<div class=\"elementor-widget-container\">\n\t\t\t\t\t<div class=\"elementor-divider\">\n\t\t\t<span class=\"elementor-divider-separator\">\n\t\t\t\t\t\t\t<span class=\"elementor-divider__text elementor-divider__element\">\n\t\t\t\tSobre nosotros\t\t\t\t<\/span>\n\t\t\t\t\t\t<\/span>\n\t\t<\/div>\n\t\t\t\t<\/div>\n\t\t\t\t<\/div>\n\t\t\t\t<div class=\"elementor-element elementor-element-3e717a79 elementor-widget elementor-widget-elementskit-heading\" data-id=\"3e717a79\" data-element_type=\"widget\" data-widget_type=\"elementskit-heading.default\">\n\t\t\t\t<div class=\"elementor-widget-container\">\n\t\t\t<div class=\"ekit-wid-con\" ><div class=\"ekit-heading elementskit-section-title-wraper text_left   ekit_heading_tablet-   ekit_heading_mobile-\"><h3 class=\"ekit-heading--title elementskit-section-title \"><span><span>Por que<\/span><\/span> Elegirnos?<\/h3><\/div><\/div>\t\t<\/div>\n\t\t\t\t<\/div>\n\t\t\t\t<div class=\"elementor-element elementor-element-2b989c65 elementor-widget__width-initial elementor-widget-mobile__width-inherit elementor-icon-list--layout-traditional elementor-list-item-link-full_width elementor-widget elementor-widget-icon-list\" data-id=\"2b989c65\" data-element_type=\"widget\" data-widget_type=\"icon-list.default\">\n\t\t\t\t<div class=\"elementor-widget-container\">\n\t\t\t\t\t<ul class=\"elementor-icon-list-items\">\n\t\t\t\t\t\t\t<li class=\"elementor-icon-list-item\">\n\t\t\t\t\t\t\t\t\t\t\t<span class=\"elementor-icon-list-icon\">\n\t\t\t\t\t\t\t<i aria-hidden=\"true\" class=\"icon icon-checked1\"><\/i>\t\t\t\t\t\t<\/span>\n\t\t\t\t\t\t\t\t\t\t<span class=\"elementor-icon-list-text\">25 a\u00f1os de experiencia en asesor\u00eda de campa\u00f1as y entidades.<\/span>\n\t\t\t\t\t\t\t\t\t<\/li>\n\t\t\t\t\t\t\t\t<li class=\"elementor-icon-list-item\">\n\t\t\t\t\t\t\t\t\t\t\t<span class=\"elementor-icon-list-icon\">\n\t\t\t\t\t\t\t<i aria-hidden=\"true\" class=\"icon icon-checked1\"><\/i>\t\t\t\t\t\t<\/span>\n\t\t\t\t\t\t\t\t\t\t<span class=\"elementor-icon-list-text\">Especialistas en estrategia electoral adaptada a tus necesidades.<\/span>\n\t\t\t\t\t\t\t\t\t<\/li>\n\t\t\t\t\t\t\t\t<li class=\"elementor-icon-list-item\">\n\t\t\t\t\t\t\t\t\t\t\t<span class=\"elementor-icon-list-icon\">\n\t\t\t\t\t\t\t<i aria-hidden=\"true\" class=\"icon icon-checked1\"><\/i>\t\t\t\t\t\t<\/span>\n\t\t\t\t\t\t\t\t\t\t<span class=\"elementor-icon-list-text\">Encuestas de opini\u00f3n precisas con t\u00e9cnicas avanzadas de an\u00e1lisis.<\/span>\n\t\t\t\t\t\t\t\t\t<\/li>\n\t\t\t\t\t\t\t\t<li class=\"elementor-icon-list-item\">\n\t\t\t\t\t\t\t\t\t\t\t<span class=\"elementor-icon-list-icon\">\n\t\t\t\t\t\t\t<i aria-hidden=\"true\" class=\"icon icon-checked1\"><\/i>\t\t\t\t\t\t<\/span>\n\t\t\t\t\t\t\t\t\t\t<span class=\"elementor-icon-list-text\">Resultados comprobados en m\u00faltiples campa\u00f1as exitosas.<\/span>\n\t\t\t\t\t\t\t\t\t<\/li>\n\t\t\t\t\t\t\t\t<li class=\"elementor-icon-list-item\">\n\t\t\t\t\t\t\t\t\t\t\t<span class=\"elementor-icon-list-icon\">\n\t\t\t\t\t\t\t<i aria-hidden=\"true\" class=\"icon icon-checked1\"><\/i>\t\t\t\t\t\t<\/span>\n\t\t\t\t\t\t\t\t\t\t<span class=\"elementor-icon-list-text\">Soluciones personalizadas para cada cliente.<\/span>\n\t\t\t\t\t\t\t\t\t<\/li>\n\t\t\t\t\t\t\t\t<li class=\"elementor-icon-list-item\">\n\t\t\t\t\t\t\t\t\t\t\t<span class=\"elementor-icon-list-icon\">\n\t\t\t\t\t\t\t<i aria-hidden=\"true\" class=\"icon icon-checked1\"><\/i>\t\t\t\t\t\t<\/span>\n\t\t\t\t\t\t\t\t\t\t<span class=\"elementor-icon-list-text\">Innovaci\u00f3n constante en herramientas y tendencias electorales.<\/span>\n\t\t\t\t\t\t\t\t\t<\/li>\n\t\t\t\t\t\t<\/ul>\n\t\t\t\t<\/div>\n\t\t\t\t<\/div>\n\t\t\t\t<div class=\"elementor-element elementor-element-686e40e0 elementor-widget__width-initial elementor-widget-mobile__width-inherit elementor-widget elementor-widget-elementskit-heading\" data-id=\"686e40e0\" data-element_type=\"widget\" data-widget_type=\"elementskit-heading.default\">\n\t\t\t\t<div class=\"elementor-widget-container\">\n\t\t\t<div class=\"ekit-wid-con\" ><div class=\"ekit-heading elementskit-section-title-wraper text_center   ekit_heading_tablet-   ekit_heading_mobile-\"><h2 class=\"ekit-heading--title elementskit-section-title \">25<\/h2><h3 class=\"ekit-heading--subtitle elementskit-section-subtitle  \">\n\t\t\t\t\t\tA\u00f1os\n\t\t\t\t\t<\/h3>\t\t\t\t<div class='ekit-heading__description'>\n\t\t\t\t\t<p>De Experiencia<\/p>\n\t\t\t\t<\/div>\n\t\t\t<\/div><\/div>\t\t<\/div>\n\t\t\t\t<\/div>\n\t\t\t\t<div class=\"elementor-element elementor-element-781778ed elementor-align-left elementor-mobile-align-center elementor-widget elementor-widget-button\" data-id=\"781778ed\" data-element_type=\"widget\" data-widget_type=\"button.default\">\n\t\t\t\t<div class=\"elementor-widget-container\">\n\t\t\t\t\t<div class=\"elementor-button-wrapper\">\n\t\t\t<a class=\"elementor-button elementor-button-link elementor-size-sm\" href=\"#\">\n\t\t\t\t\t\t<span class=\"elementor-button-content-wrapper\">\n\t\t\t\t\t\t\t\t\t<span class=\"elementor-button-text\">M\u00e1s sobre nosotros<\/span>\n\t\t\t\t\t<\/span>\n\t\t\t\t\t<\/a>\n\t\t<\/div>\n\t\t\t\t<\/div>\n\t\t\t\t<\/div>\n\t\t\t\t\t<\/div>\n\t\t<\/div>\n\t\t\t\t\t<\/div>\n\t\t<\/section>\n\t\t\t\t\t<\/div>\n\t\t<\/div>\n\t\t\t\t\t<\/div>\n\t\t<\/section>\n\t\t\t\t<\/div>\n\t\t","protected":false},"excerpt":{"rendered":"<p>Sobre nosotros Por que Elegirnos? 25 a\u00f1os de experiencia en asesor\u00eda de campa\u00f1as y entidades. Especialistas en estrategia electoral adaptada [&hellip;]<\/p>\n","protected":false},"author":1,"featured_media":101,"parent":0,"menu_order":0,"comment_status":"closed","ping_status":"closed","template":"elementor_header_footer","meta":{"site-sidebar-layout":"no-sidebar","site-content-layout":"","ast-site-content-layout":"full-width-container","site-content-style":"default","site-sidebar-style":"default","ast-global-header-display":"","ast-banner-title-visibility":"","ast-main-header-display":"","ast-hfb-above-header-display":"","ast-hfb-below-header-display":"","ast-hfb-mobile-header-display":"","site-post-title":"disabled","ast-breadcrumbs-content":"","ast-featured-img":"disabled","footer-sml-layout":"","theme-transparent-header-meta":"","adv-header-id-meta":"","stick-header-meta":"","header-above-stick-meta":"","header-main-stick-meta":"","header-below-stick-meta":"","astra-migrate-meta-layouts":"default","ast-page-background-enabled":"default","ast-page-background-meta":{"desktop":{"background-color":"var(--ast-global-color-4)","background-image":"","background-repeat":"repeat","background-position":"center center","background-size":"auto","background-attachment":"scroll","background-type":"","background-media":"","overlay-type":"","overlay-color":"","overlay-opacity":"","overlay-gradient":""},"tablet":{"background-color":"","background-image":"","background-repeat":"repeat","background-position":"center center","background-size":"auto","background-attachment":"scroll","background-type":"","background-media":"","overlay-type":"","overlay-color":"","overlay-opacity":"","overlay-gradient":""},"mobile":{"background-color":"","background-image":"","background-repeat":"repeat","background-position":"center center","background-size":"auto","background-attachment":"scroll","background-type":"","background-media":"","overlay-type":"","overlay-color":"","overlay-opacity":"","overlay-gradient":""}},"ast-content-background-meta":{"desktop":{"background-color":"var(--ast-global-color-5)","background-image":"","background-repeat":"repeat","background-position":"center center","background-size":"auto","background-attachment":"scroll","background-type":"","background-media":"","overlay-type":"","overlay-color":"","overlay-opacity":"","overlay-gradient":""},"tablet":{"background-color":"var(--ast-global-color-5)","background-image":"","background-repeat":"repeat","background-position":"center center","background-size":"auto","background-attachment":"scroll","background-type":"","background-media":"","overlay-type":"","overlay-color":"","overlay-opacity":"","overlay-gradient":""},"mobile":{"background-color":"var(--ast-global-color-5)","background-image":"","background-repeat":"repeat","background-position":"center center","background-size":"auto","background-attachment":"scroll","background-type":"","background-media":"","overlay-type":"","overlay-color":"","overlay-opacity":"","overlay-gradient":""}},"_joinchat":[],"footnotes":""},"class_list":["post-43","page","type-page","status-publish","has-post-thumbnail","hentry"],"yoast_head":"<!-- This site is optimized with the Yoast SEO plugin v23.4 - https:\/\/yoast.com\/wordpress\/plugins\/seo\/ -->\n<title>Nosotros - Citipublics<\/title>\n<meta name=\"description\" content=\"Nosotros citipublics\" \/>\n<meta name=\"robots\" content=\"index, follow, max-snippet:-1, max-image-preview:large, max-video-preview:-1\" \/>\n<link rel=\"canonical\" href=\"https:\/\/citipublics.com\/index.php\/nosotros\/\" \/>\n<meta property=\"og:locale\" content=\"es_ES\" \/>\n<meta property=\"og:type\" content=\"article\" \/>\n<meta property=\"og:title\" content=\"Nosotros - Citipublics\" \/>\n<meta property=\"og:description\" content=\"Nosotros citipublics\" \/>\n<meta property=\"og:url\" content=\"https:\/\/citipublics.com\/index.php\/nosotros\/\" \/>\n<meta property=\"og:site_name\" content=\"Citipublics\" \/>\n<meta property=\"article:modified_time\" content=\"2024-06-06T17:41:54+00:00\" \/>\n<meta property=\"og:image\" content=\"https:\/\/citipublics.com\/wp-content\/uploads\/2024\/04\/cropped-favicon-03-05.png\" \/>\n\t<meta property=\"og:image:width\" content=\"512\" \/>\n\t<meta property=\"og:image:height\" content=\"512\" \/>\n\t<meta property=\"og:image:type\" content=\"image\/png\" \/>\n<meta name=\"twitter:card\" content=\"summary_large_image\" \/>\n<meta name=\"twitter:label1\" content=\"Tiempo de lectura\" \/>\n\t<meta name=\"twitter:data1\" content=\"1 minuto\" \/>\n<script type=\"application\/ld+json\" class=\"yoast-schema-graph\">{\"@context\":\"https:\/\/schema.org\",\"@graph\":[{\"@type\":\"WebPage\",\"@id\":\"https:\/\/citipublics.com\/index.php\/nosotros\/\",\"url\":\"https:\/\/citipublics.com\/index.php\/nosotros\/\",\"name\":\"Nosotros - Citipublics\",\"isPartOf\":{\"@id\":\"https:\/\/citipublics.com\/#website\"},\"primaryImageOfPage\":{\"@id\":\"https:\/\/citipublics.com\/index.php\/nosotros\/#primaryimage\"},\"image\":{\"@id\":\"https:\/\/citipublics.com\/index.php\/nosotros\/#primaryimage\"},\"thumbnailUrl\":\"https:\/\/citipublics.com\/wp-content\/uploads\/2024\/04\/cropped-favicon-03-05.png\",\"datePublished\":\"2024-04-27T15:43:26+00:00\",\"dateModified\":\"2024-06-06T17:41:54+00:00\",\"description\":\"Nosotros citipublics\",\"breadcrumb\":{\"@id\":\"https:\/\/citipublics.com\/index.php\/nosotros\/#breadcrumb\"},\"inLanguage\":\"es\",\"potentialAction\":[{\"@type\":\"ReadAction\",\"target\":[\"https:\/\/citipublics.com\/index.php\/nosotros\/\"]}]},{\"@type\":\"ImageObject\",\"inLanguage\":\"es\",\"@id\":\"https:\/\/citipublics.com\/index.php\/nosotros\/#primaryimage\",\"url\":\"https:\/\/citipublics.com\/wp-content\/uploads\/2024\/04\/cropped-favicon-03-05.png\",\"contentUrl\":\"https:\/\/citipublics.com\/wp-content\/uploads\/2024\/04\/cropped-favicon-03-05.png\",\"width\":512,\"height\":512},{\"@type\":\"BreadcrumbList\",\"@id\":\"https:\/\/citipublics.com\/index.php\/nosotros\/#breadcrumb\",\"itemListElement\":[{\"@type\":\"ListItem\",\"position\":1,\"name\":\"Home\",\"item\":\"https:\/\/citipublics.com\/\"},{\"@type\":\"ListItem\",\"position\":2,\"name\":\"Nosotros\"}]},{\"@type\":\"WebSite\",\"@id\":\"https:\/\/citipublics.com\/#website\",\"url\":\"https:\/\/citipublics.com\/\",\"name\":\"Citipublics\",\"description\":\"Encuestas de opini\u00f3n P\u00fablica, Asuntos p\u00fablicos y Estrategia electoral.\",\"publisher\":{\"@id\":\"https:\/\/citipublics.com\/#organization\"},\"potentialAction\":[{\"@type\":\"SearchAction\",\"target\":{\"@type\":\"EntryPoint\",\"urlTemplate\":\"https:\/\/citipublics.com\/?s={search_term_string}\"},\"query-input\":{\"@type\":\"PropertyValueSpecification\",\"valueRequired\":true,\"valueName\":\"search_term_string\"}}],\"inLanguage\":\"es\"},{\"@type\":\"Organization\",\"@id\":\"https:\/\/citipublics.com\/#organization\",\"name\":\"Citipublics\",\"url\":\"https:\/\/citipublics.com\/\",\"logo\":{\"@type\":\"ImageObject\",\"inLanguage\":\"es\",\"@id\":\"https:\/\/citipublics.com\/#\/schema\/logo\/image\/\",\"url\":\"https:\/\/citipublics.com\/wp-content\/uploads\/2024\/04\/cropped-cropped-Citi_Logo_Ok-02-scaled-1.webp\",\"contentUrl\":\"https:\/\/citipublics.com\/wp-content\/uploads\/2024\/04\/cropped-cropped-Citi_Logo_Ok-02-scaled-1.webp\",\"width\":2559,\"height\":747,\"caption\":\"Citipublics\"},\"image\":{\"@id\":\"https:\/\/citipublics.com\/#\/schema\/logo\/image\/\"}}]}<\/script>\n<!-- \/ Yoast SEO plugin. -->","yoast_head_json":{"title":"Nosotros - Citipublics","description":"Nosotros citipublics","robots":{"index":"index","follow":"follow","max-snippet":"max-snippet:-1","max-image-preview":"max-image-preview:large","max-video-preview":"max-video-preview:-1"},"canonical":"https:\/\/citipublics.com\/index.php\/nosotros\/","og_locale":"es_ES","og_type":"article","og_title":"Nosotros - Citipublics","og_description":"Nosotros citipublics","og_url":"https:\/\/citipublics.com\/index.php\/nosotros\/","og_site_name":"Citipublics","article_modified_time":"2024-06-06T17:41:54+00:00","og_image":[{"width":512,"height":512,"url":"https:\/\/citipublics.com\/wp-content\/uploads\/2024\/04\/cropped-favicon-03-05.png","type":"image\/png"}],"twitter_card":"summary_large_image","twitter_misc":{"Tiempo de lectura":"1 minuto"},"schema":{"@context":"https:\/\/schema.org","@graph":[{"@type":"WebPage","@id":"https:\/\/citipublics.com\/index.php\/nosotros\/","url":"https:\/\/citipublics.com\/index.php\/nosotros\/","name":"Nosotros - Citipublics","isPartOf":{"@id":"https:\/\/citipublics.com\/#website"},"primaryImageOfPage":{"@id":"https:\/\/citipublics.com\/index.php\/nosotros\/#primaryimage"},"image":{"@id":"https:\/\/citipublics.com\/index.php\/nosotros\/#primaryimage"},"thumbnailUrl":"https:\/\/citipublics.com\/wp-content\/uploads\/2024\/04\/cropped-favicon-03-05.png","datePublished":"2024-04-27T15:43:26+00:00","dateModified":"2024-06-06T17:41:54+00:00","description":"Nosotros citipublics","breadcrumb":{"@id":"https:\/\/citipublics.com\/index.php\/nosotros\/#breadcrumb"},"inLanguage":"es","potentialAction":[{"@type":"ReadAction","target":["https:\/\/citipublics.com\/index.php\/nosotros\/"]}]},{"@type":"ImageObject","inLanguage":"es","@id":"https:\/\/citipublics.com\/index.php\/nosotros\/#primaryimage","url":"https:\/\/citipublics.com\/wp-content\/uploads\/2024\/04\/cropped-favicon-03-05.png","contentUrl":"https:\/\/citipublics.com\/wp-content\/uploads\/2024\/04\/cropped-favicon-03-05.png","width":512,"height":512},{"@type":"BreadcrumbList","@id":"https:\/\/citipublics.com\/index.php\/nosotros\/#breadcrumb","itemListElement":[{"@type":"ListItem","position":1,"name":"Home","item":"https:\/\/citipublics.com\/"},{"@type":"ListItem","position":2,"name":"Nosotros"}]},{"@type":"WebSite","@id":"https:\/\/citipublics.com\/#website","url":"https:\/\/citipublics.com\/","name":"Citipublics","description":"Encuestas de opini\u00f3n P\u00fablica, Asuntos p\u00fablicos y Estrategia electoral.","publisher":{"@id":"https:\/\/citipublics.com\/#organization"},"potentialAction":[{"@type":"SearchAction","target":{"@type":"EntryPoint","urlTemplate":"https:\/\/citipublics.com\/?s={search_term_string}"},"query-input":{"@type":"PropertyValueSpecification","valueRequired":true,"valueName":"search_term_string"}}],"inLanguage":"es"},{"@type":"Organization","@id":"https:\/\/citipublics.com\/#organization","name":"Citipublics","url":"https:\/\/citipublics.com\/","logo":{"@type":"ImageObject","inLanguage":"es","@id":"https:\/\/citipublics.com\/#\/schema\/logo\/image\/","url":"https:\/\/citipublics.com\/wp-content\/uploads\/2024\/04\/cropped-cropped-Citi_Logo_Ok-02-scaled-1.webp","contentUrl":"https:\/\/citipublics.com\/wp-content\/uploads\/2024\/04\/cropped-cropped-Citi_Logo_Ok-02-scaled-1.webp","width":2559,"height":747,"caption":"Citipublics"},"image":{"@id":"https:\/\/citipublics.com\/#\/schema\/logo\/image\/"}}]}},"_links":{"self":[{"href":"https:\/\/citipublics.com\/index.php\/wp-json\/wp\/v2\/pages\/43","targetHints":{"allow":["GET"]}}],"collection":[{"href":"https:\/\/citipublics.com\/index.php\/wp-json\/wp\/v2\/pages"}],"about":[{"href":"https:\/\/citipublics.com\/index.php\/wp-json\/wp\/v2\/types\/page"}],"author":[{"embeddable":true,"href":"https:\/\/citipublics.com\/index.php\/wp-json\/wp\/v2\/users\/1"}],"replies":[{"embeddable":true,"href":"https:\/\/citipublics.com\/index.php\/wp-json\/wp\/v2\/comments?post=43"}],"version-history":[{"count":7,"href":"https:\/\/citipublics.com\/index.php\/wp-json\/wp\/v2\/pages\/43\/revisions"}],"predecessor-version":[{"id":860,"href":"https:\/\/citipublics.com\/index.php\/wp-json\/wp\/v2\/pages\/43\/revisions\/860"}],"wp:featuredmedia":[{"embeddable":true,"href":"https:\/\/citipublics.com\/index.php\/wp-json\/wp\/v2\/media\/101"}],"wp:attachment":[{"href":"https:\/\/citipublics.com\/index.php\/wp-json\/wp\/v2\/media?parent=43"}],"curies":[{"name":"wp","href":"https:\/\/api.w.org\/{rel}","templated":true}]}}